26502447?
2
What is the millions digit of 88809858?
8
What is the hundred thousands digit of 323544004?
5
What is the ten thousands digit of 61547832?
4
What is the tens digit of 562604117?
1
What is the millions digit of 334800227?
4
What is the units digit of 60375869?
9
What is the units digit of 3717407?
7
What is the ten thousands digit of 648037815?
3
What is the hundreds digit of 95581417?
4
What is the hundred millions digit of 1804600441?
8
What is the ten thousands digit of 15002236?
0
What is the ten millions digit of 219385699?
1
What is the thousands digit of 205195910?
5
What is the hundred millions digit of 442195011?
4
What is the hundreds digit of 331487605?
6
What is the tens digit of 1213533184?
8
What is the hundred thousands digit of 239121086?
1
What is the ten thousands digit of 26853744?
5
What is the hundred millions digit of 630452060?
6
What is the millions digit of 463419521?
3
What is the ten millions digit of 47475958?
4
What is the thousands digit of 279219626?
9
What is the hundreds digit of 6939638459?
4
What is the hundred thousands digit of 57004613?
0
What is the units digit of 59465609?
9
What is the millions digit of 1239534359?
9
What is the hundred thousands digit of 250361764?
3
What is the millions digit of 178521227?
8
What is the ten millions digit of 1514289744?
1
What is the billions digit of 2427959904?
2
What is the hundred thousands digit of 33589706?
5
What is the units digit of 20219864?
4
What is the tens digit of 2710226581?
8
What is the hundreds digit of 54230371?
3
What is the tens digit of 1752322545?
4
What is the hundred thousands digit of 7384064456?
0
What is the hundreds digit of 3133899362?
3
What is the ten thousands digit of 239494086?
9
What is the thousands digit of 939692149?
2
What is the millions digit of 63338199?
3
What is the hundred thousands digit of 47637036?
6
What is the units digit of 79829177?
7
What is the units digit of 619077934?
4
What is the ten thousands digit of 5873033283?
3
What is the ten thousands digit of 3219307889?
0
What is the billions digit of 3189274903?
3
What is the thousands digit of 193217285?
7
What is the hundreds digit of 198182944?
9
What is the ten millions digit of 1453704273?
5
What is the ten thousands digit of 6894094?
9
What is the tens digit of 79637473?
7
What is the ten millions digit of 3964277159?
6
What is the units digit of 128200746?
6
What is the ten thousands digit of 20164252?
6
What is the hundreds digit of 2795515?
5
What is the ten thousands digit of 1979680015?
8
What is the tens digit of 72331883?
8
What is the ten thousands digit of 94544834?
4
What is the billions digit of 3423269371?
3
What is the thousands digit of 5002034139?
4
What is the hundred thousands digit of 315179381?
1
What is the tens digit of 123711423?
2
What is the thousands digit of 384113224?
3
What is the ten millions digit of 46288200?
4
What is the thousands digit of 443510?
3
What is the tens digit of 839173894?
9
What is the tens digit of 1988454346?
4
What is the tens digit of 553962926?
2
What is the ten thousands digit of 1013071000?
7
What is the millions digit of 188928910?
8
What is the ten millions digit of 5243388461?
4
What is the ten millions digit of 325586360?
2
What is the ten thousands digit of 87701616?
0
What is the hundreds digit of 2151626748?
7
What is the thousands digit of 1356141215?
1
What is the ten millions digit of 74223714?
7
What is the units digit of 1064695451?
1
What is the millions digit of 226632878?
6
What is the ten millions digit of 2926143613?
2
What is the ten millions digit of 33193444?
3
What is the hundred thousands digit of 1263052169?
0
What is the ten millions digit of 1578418343?
7
What is the thousands digit of 2181787248?
7
What is the tens digit of 497796330?
3
What is the ten thousands digit of 42382187?
8
What is the millions digit of 903089464?
3
What is the ten thousands digit of 1253115598?
1
What is the hundred thousands digit of 161010279?
0
What is the ten thousands digit of 1445211651?
1
What is the tens digit of 34154952?
5
What is the ten thousands digit of 106740652?
4
What is the tens digit of 3216757928?
2
What is the ten millions digit of 3370219328?
7
What is the hundreds digit of 7005798?
7
What is the thousands digit of 249366093?
6
What is the hundred thousands digit of 63706025?
7
What is the hundred thousands digit of 142704721?
7
What is the hundred thousands digit of 48521567?
5
What is the tens digit of 3613500?
0
What is the ten millions digit of 2247849507?
4
What is the ten millions digit of 61121557?
6
What is the tens digit of 329394242?
4
What is the hundreds digit of 36692792?
7
What is the hundreds digit of 250494973?
9
What is the millions digit of 2392274964?
2
What is the hundreds digit of 1403820850?
8
What is the tens digit of 192854159?
5
What is the units digit of 53170253?
3
What is the thousands digit of 486723292?
3
What is the thousands digit of 90573118?
3
What is the ten millions digit of 1959685661?
5
What is the units digit of 295101104?
4
What is the ten thousands digit of 419083150?
8
What is the ten thousands digit of 151625919?
2
What is the ten millions digit of 3835208968?
3
What is the thousands digit of 86539203?
9
What is the ten millions digit of 67201662?
6
What is the hundreds digit of 300490954?
9
What is the hundred thousands digit of 205404392?
4
What is the ten millions digit of 2561751386?
6
What is the ten millions digit of 417630887?
1
What is the thousands digit of 10435774?
5
What is the ten thousands digit of 43951688?
5
What is the millions digit of 2187684365?
7
What is the tens digit of 47308211?
1
What is the ten thousands digit of 168708242?
0
What is the hundred millions digit of 5192711999?
1
What is the hundred millions digit of 1357046362?
3
What is the units digit of 102741653?
3
What is the units digit of 113056905?
5
What is the ten millions digit of 28732972?
2
What is the hundred thousands digit of 97432049?
4
What is the ten thousands digit of 389623388?
2
What is the units digit of 195211704?
4
What is the billions digit of 1591332767?
1
What is the ten millions digit of 284322277?
8
What is the hundreds digit of 534553618?
6
What is the units digit of 53846829?
9
What is the tens digit of 172682689?
8
What is the hundred thousands digit of 1149709236?
7
What is the units digit of 199601511?
1
What is the millions digit of 730901891?
0
What is the millions digit of 360094890?
0
What is the tens digit of 44119483?
8
What is the hundred thousands digit of 4765133?
7
What is the millions digit of 1135322?
1
What is the thousands digit of 11769136?
9
What is the thousands digit of 202991386?
1
What is the hundred thousands digit of 55089445?
0
What is the thousands digit of 1198338953?
8
What is the units digit of 68113068?
8
What is the ten thousands digit of 597244487?
4
What is the thousands digit of 343357793?
7
What is the hundred thousands digit of 639602424?
6
What is the units digit of 8758269003?
3
What is the tens digit of 5594059084?
8
What is the hundreds digit of 5709231003?
0
What is the units digit of 460280983?
3
What is the hundred thousands digit of 3014819338?
8
What is the hundred thousands digit of 2755874186?
8
What is the units digit of 1157133914?
4
What is the ten thousands digit of 263171910?
7
What is the hundred thousands digit of 44065995?
0
What is the thousands digit of 109869777?
9
What is the millions digit of 81660900?
1
What is the millions digit of 2370545694?
0
What is the units digit of 358802979?
9
What is the ten thousands digit of 41742523?
4
What is the ten thousands digit of 4061209796?
0
What is the units digit of 3477470417?
7
What is the thousands digit of 45060434?
0
What is the hundred thousands digit of 489905760?
9
What is the hundreds digit of 17598957?
9
What is the millions digit of 41740622?
1
What is the ten thousands digit of 111315327?
1
What is the hundreds digit of 72648748?
7
What is the hundreds digit of 2039248873?
8
What is the units digit of 148106995?
5
What is the ten millions digit of 351177858?
5
What is the units digit of 118022462?
2
What is the hundred thousands digit of 73277433?
2
What is the tens digit of 958626642?
4
What is the hundred 